-35 + 24 - 1.
-6
What is 2 - 1 - ((18 - 7) + -12)?
2
What is (-11 - -5) + (-44 - -40)?
-10
What is the value of -5 - (2 + 0 - 5)?
-2
Calculate (-3 - -5) + -1 + 0 + -1.
0
What is the value of 2 + -4 + 2 + (-4 - -5)?
1
What is -1 + -2 + (5 - 4) + -2?
-4
-22 - -22 - (-2 - -4 - 11)
9
What is the value of -5 - (1 + -3 - 2) - 3?
-4
What is (3 + -5 - -4) + -2 - 1?
-1
-5 - 0 - 0 - -3
-2
What is the value of 1 + (-2 - (-4 + -1) - 4)?
0
-18 + (-11 - 0) + 23
-6
What is (-13 + 11 - (4 + 0)) + 4?
-2
What is 0 + -2 + (3 + -5 - -5)?
1
Calculate -4 + -3 + 5 + (1 - 3).
-4
Calculate (3 - 4) + 9 + -6.
2
What is -9 - (-9 - (-1 + 0)) - 3?
-4
Calculate 6 + -3 - (1 + 2) - -5.
5
Calculate -2 + (4 - -4 - -3) + -4.
5
What is the value of -7 + -1 - (-1 - (-14 - -18))?
-3
Calculate (-3 - (-1 + -3)) + 4.
5
Evaluate 0 - (-6 + 3 + 5).
-2
-2 - -1 - (0 + (4 - 5))
0
What is the value of (9 + 8 - 11) + 3?
9
What is -5 + 1 - (1 - 8)?
3
What is the value of 8 + (-9 - -3 - -1)?
3
Evaluate (-15 - (9 - 18)) + 14.
8
What is the value of -3 - (5 + -4) - -4?
0
Calculate 9 - (-4 - -14) - -5.
4
What is 4 - ((-5 - (1 + -5)) + 4)?
1
What is (-14 - (0 + -7)) + 6?
-1
Evaluate 17 + -15 + (-4 - (-5 + 2)).
1
Evaluate 4 + -3 - (33 + -22).
-10
Evaluate 18 + (9 - -1 - 22).
6
Evaluate (-1 + 1 - (-4 + 0)) + -6.
-2
What is 0 + (-7 - 2) + (-31 - -36)?
-4
What is the value of -9 + 7 - (-10 - -13)?
-5
What is (7 - (15 + 0)) + 12?
4
What is the value of 1 - (-5 + 1 - 1 - -6)?
0
What is the value of 2 - (4 - 7 - -8)?
-3
What is the value of -5 - (-18 - -4) - 4?
5
Calculate (0 - 2 - 2) + -42 + 44.
-2
0 + -6 + 0 + (-21 - -22)
-5
What is 3 - ((-1 - -7) + -8)?
5
What is 3 + 0 + -4 + -3 + 4?
0
What is (-6 + -4 - -7) + 2?
-1
Calculate -6 + 6 + 6 - 8 - -1.
-1
(-1 - -5) + -10 + 4
-2
(0 - 4) + -2 - (67 - 71)
-2
Calculate -2 + -1 + 0 + (-3 - -5).
-1
(-2 - -2) + 0 - (1 + -4)
3
What is the value of 8 - (-2 - (-8 - -6))?
8
What is the value of -1 - -9 - (-8 - -15)?
1
What is 1 - 9 - (132 + -136)?
-4
Calculate 12 + -24 - (-13 + 6).
-5
-1 - (0 - -5 - 5)
-1
Evaluate -1 - (-2 - 0) - -1.
2
(-5 - -14 - 6) + 1
4
Evaluate 5 + -6 + 3 - -3.
5
What is the value of 2 - 0 - (1 + -3 - 0)?
4
What is the value of 8 - (2 + 3 - -7) - 5?
-9
What is the value of 8 - (5 + -6 + 5)?
4
Evaluate (6 + -1 - 2) + (-21 - -14).
-4
Calculate (1 - -1) + -5 + 0 - -7.
4
-20 + 22 + (-6 - 0)
-4
-1 - (-5 + 3) - (4 - 0)
-3
5 - -2 - (-4 - -19)
-8
18 + -14 + (-1 - 4) - -2
1
23 + (-7 - 4) - 6
6
What is -2 + 9 + -15 + -10 + 16?
-2
Calculate 6 + -6 + (10 - 2).
8
Evaluate -8 - (-3 + -3) - (3 - 14).
9
What is -24 - -27 - ((-3 - -1) + 8)?
-3
Evaluate 2 + (25 + -33 - (-4 + 0)).
-2
Calculate (1 - (3 - 6)) + 1 + -7.
-2
-4 + (5 - 4 - -1)
-2
Calculate (2 - 2) + 11 + (36 - 41).
6
What is the value of 4 + -4 + 0 + 1 + -2?
-1
Evaluate -52 + 48 - (-4 + (1 - 0)).
-1
What is the value of 11 + -3 + -3 + -6?
-1
What is -1 + (-5 - -1) + 10?
5
What is the value of 0 + 3 + 6 + -7?
2
What is the value of -1 + -3 - (-3 + 12 + -12)?
-1
(-9 - -1) + 12 + (2 - 2)
4
What is (0 + -5 - (-12 - -11)) + -3?
-7
7 + 0 + -4 - (-3 + 11)
-5
What is the value of -3 - (-6 + -8) - 7?
4
What is -3 + -2 + 2 - -1?
-2
Calculate 1 + 0 + -7 + 5 + -6.
-7
Calculate -2 - 2 - (-8 - (-8 + 5)).
1
2 - ((7 - 15) + 5)
5
(5 - 3) + 4 + -8
-2
Calculate 52 + -55 - (-9 - -1) - 5.
0
What is 2 + (-3 - -6) + (-14 - -14)?
5
(-1 - (-2 + 2)) + 2 + 3
4
Evaluate (1 - 13) + (9 - 4).
-7
Calculate 0 + (-1 - 2) + 6.
3
Evaluate 10 + (-3 - (11 + -8)).
4
Evaluate -3 + (-3 - -7) - 8.
-7
What is 6 + -3 + (-6 - -9) - 12?
-6
What is the value of -18 - -10 - -1 - (-19 - -3)?
9
Calculate 2 + (7 - 8) + -3.
-2
Evaluate 13 + 14 + (-17 - 1).
9
13 + -9 + 7 - 4
7
Evaluate -10 + 6 - (-5 + 2 + 0).
-1
-2 - (4 - (-8 + 13 + -1))
-2
Evaluate 9 + (9 - (7 - -7)).
4
What is the value of 6 + -4 + -5 + 0?
-3
Calculate 0 + 6 + 4 + -3 + -4.
3
What is -5 + 17 + -3 - (-5 - -11)?
3
What is the value of -6 + 3 + (3 - 0) + -1?
-1
What is -7 - -12 - 7 - (-1 - -2)?
-3
Calculate -2 - (2 - (-4 - (-14 + 5))).
1
0 + -3 + (0 - (-9 + 8))
-2
What is 4 + (3 - (-4 + 5)) + -5?
1
What is the value of -5 + (0 - -17) + -21?
-9
What is 42 + -60 + (1 - -8)?
-9
Evaluate 0 + -1 + (3 - -5 - 6).
1
26 + -22 + -5 + -1
-2
3 - ((10 - 15) + (0 - -8))
0
Evaluate 1 + 2 - (2 - 2).
3
Evaluate -11 - -7 - (-9 - 0).
5
What is -2 - (-2 + 4 - 4)?
0
What is the value of (-1 - (2 + -7)) + (-8 - -2)?
-2
Evaluate 4 - (4 - (-4 + 5)).
1
What is the value of -3 + (-3 - (0 - 5))?
-1
What is the value of 1 + (3 - (-1 - -4)) + 3?
4
What is the value of (5 + 8 - 6) + 2 + -9?
0
(2 - (-3 + 9)) + 6 + -5
-3
Calculate (0 - 2 - (-3 + 5)) + 3.
-1
Evaluate (2 - 3) + 1 + (28 - 29).
-1
What is the value of -5 + -3 + -4 - -16?
4
What is (7 - 3) + -1 - 1?
2
((-1 - -7) + -3 - -4) + 0
7
What is -3 + 5 - (-8 - -10)?
0
-6 + 4 - (2 - 2)
-2
7 - (8 + -4 + -3)
6
What is -1 - 2 - (-2 + (8 - 9))?
0
-4 - (3 + 1 + 0 + -10)
2
What is 2 + 2 + (0 - 1)?
3
76 + -73 - (4 - 0)
-1
What is the value of -1 + (5 - (1 - (-1 + -2)))?
0
Calculate 2 + 1 - (-19 - -12).
10
What is the value of -1 + 2 + -2 + 2?
1
Calculate 6 - (5 + -3 + -1).
5
Calculate -4 + 1 + (20 - 9 - 5).
3
What is the value of -1 + 6 + 1 + -2 + 0?
4
-1 - (3 + (-6 - 2))
4
3 + (-7 - -3 - (2 - 0))
-3
Calculate (10 + -3 - 3) + -8.
-4
What is the value of (12 - 7) + (-2 - (1 + 1))?
1
Calculate -1 - -10 - (2 + -6 - -9).
4
What is the value of 7 + -9 - (0 + 1)?
-3
What is the value of (-4 - 0) + 8 + -6 + 1?
-1
Evaluate -5 - ((-4 - (1 + -1)) + 1).
-2
Evaluate -5 + (2 - (-5 + 4)) + 2.
0
Evaluate -3 - -13 - (-4 + 16).
-2
Evaluate 9 - 16 - (1 + -5) - -7.
4
-4 - (6 + (-9 - 4))
3
Evaluate 3 + -3 - (-12 + 9).
3
What is the value of -2 + -3 + 3 + 1 + -2?
-3
What is the value of (3 - 1) + 0 - (5 - -2)?
-5
Evaluate -1 + 9 + -6 + 1.
3
What is -2 - (4 + (-11 - -2))?
3
What is the value of 5 - (-5 + (4 - -4))?
2
Evaluate -9 - (-9 - (-1 - 4)).
-5
What is the value of (-2 + 0 - 1) + 1?
-2
Calculate -7 - (-7 + (2 - 6)).
4
What is 4 + (2 + -1 - -1) + -6?
0
What is -2 - (3 - 4) - -5?
4
Evaluate (1 - -2) + (-7 - (0 - 1)).
-3
Calculate 0 + (-4 + -2 - -2).
-4
Evaluate 4 - (5 - 3 - (1 - 7)).
-4
What is the value of (23 - 21) + (-4 - 7)?
-9
Calculate -6 + -3 - (-8 - -4).
-5
What is -5 - -3 - (1 - (1 + 6))?
4
What is -18 + 11 + (3 - (2 - 1))?
-5
What is 1 + -3 + 9 - (-1 + 3)?
5
Evaluate -7 - (-9 + -11) - 11.
2
Evaluate -9 + 7 + (6 - 2).
2
-4 + 0 + (-11 - -3 - -9)
-3
115 - 123 - (-2 + (-4 - -2))
-4
-5 + (-2 + 11 - (26 - 28))
6
-22 - -16 - (-2 + -2 + -1)
-1
What is the value of -4 + (-2 + -7 + 2 - -2)?
-9
Evaluate 8 + (-11 - (-2 + 5)).
-6
Calculate 107 - 96 - (-1 - -11).
1
What is the value of 11 + (8 - 10) - 3?
6
-11 - (-7 + (2 - -3) - 2)
-7
What is 1 - (6 + (-3 - (4 + 1)))?
3
-5 - -4 - (9 - 13)
3
Evaluate (96 - 111) + (1 - -6) + 15.
7
What is the value of -2 - (-3 + 7 + (-5 - -2))?
-3
(0 - (-5 - -10)) + (2 - 2)
-5
5 + -2 + (14 - 6) + -4
7
What is -105 + 109 - (10 - 1 - -1)?
-6
What is the value of -3 + (-1 - -9) - (6 + -1)?
0
(2 - (2 - 6) - 2) + 4
8
What is -1 + -4 + -5 + 5?
-5
1 + (-6 - (-14 + 10))
-1
Calculate 1 - ((-8 - -5) + 8).
-4
-8 - (-7 - -3) - -5
1
-5 - (0 + -11) - 3
3
Evaluate 1 - 3 - ((-19 - -11) + 12).
-6
What is the value of 3 - (-5 + -4 - -6 - -11)?
-5
Evaluate (5 - -3 - 2) + -6.
0
What is the value of -4 + (-3 + 6 + -2 - -1)?
-2
Calculate -1 - (5 + 4 + -6).
-4
3 + (3 - 11) + -40 + 35
-10
(1 - -13) + -34 + 25
5
Evaluate -2 - (-3 - -5) - (-4 + 2).
-2
What is 10 + -2 - (46 + -41)?
3
Calculate -8 - ((-2 - (-4 + -2)) + -10).
-2
What is the value of -6 - ((12 - 7) + -5)?
-6
What is (2 - -14) + -8 + -5?
3
Calculate 5 + -6 + 3 + 3.
5
Calculate 0 - (-3 - (-3 + 4)).
4
1 + -5 + 1 - -7
4
8 + -9 + (2 - 3)
-2
What is (-5 - -4 - (4 + -2)) + 2?
-1
2 + 4 + -7 + 2
1
What is the value of 2 + (2 - (1 + 2)) + -1?
0
Calculate -7 + 2 - (-2 + -1).
-2
Evaluate 14 - (17 - (5 + 7)).
9
35 + -33 - (1 + -5)
6
-3 + 3 - (-1 + (1 - -1))
-1
What is the value of -44 - -42 - (0 - 6 - 2)?
6
What is the value of -1 + 0 + 5 - (-1 + 4)?
1
What is 6 + 0 + (3 - 2 - 5)?
2
Calculate 2 - (4 + -1 + -5).
4
Calculate 3 - (2 + -5 + -1).
7
Calculate -3 + (-2 - -8) - 0.
3
(1 - -5) + (58 - 71)
-7
What is the value of -6 - (-21 + (12 - 7))?
10
What is the value of (1 + -4 - -2) + 2 + 1?
2
Calculate -1 + -1 + -4 + 2 + 5.
1
What is the value